{"id":17459,"date":"2022-11-10T18:15:50","date_gmt":"2022-11-10T17:15:50","guid":{"rendered":"https:\/\/blogdudroitelectoral.fr\/?page_id=17459"},"modified":"2022-11-10T18:15:50","modified_gmt":"2022-11-10T17:15:50","slug":"le-projet-jade-lequipe","status":"publish","type":"page","link":"https:\/\/blogdudroitelectoral.fr\/?page_id=17459","title":{"rendered":"Le projet JADE : l&rsquo;\u00e9quipe"},"content":{"rendered":"\n<figure class=\"wp-block-image size-large\"><img decoding=\"async\" src=\"https:\/\/blogdudroitelectoral.fr\/wp-content\/uploads\/2022\/07\/IDEX-2018-signature-bleu-FR-1-1024x182.jpg\" alt=\"\" class=\"wp-image-17206\"\/><\/figure>\n\n\n\n<p><em>Vous trouverez ci-dessous la pr\u00e9sentation des membres du projet JADE. La page est en cours de construction.<\/em><\/p>\n\n\n\n<h1 class=\"wp-block-heading\">Direction du projet JADE (UGA)<\/h1>\n\n\n\n<p><\/p>\n\n\n\n<div class=\"wp-block-image is-style-rounded\"><figure class=\"alignleft size-large is-resized\"><img loading=\"lazy\" decoding=\"async\" src=\"https:\/\/blogdudroitelectoral.fr\/wp-content\/uploads\/2023\/06\/Photo-CV-2-2-e1638171599147-edited.jpg\" alt=\"\" class=\"wp-image-18484\" width=\"229\" height=\"344\"\/><figcaption>Romain Rambaud<\/figcaption><\/figure><\/div>\n\n\n\n<p><strong>Romain Rambaud, porteur du projet JADE (CRJ)<\/strong><\/p>\n\n\n\n<p>Romain Rambaud est professeur de droit public \u00e0 l&rsquo;Universit\u00e9 Grenoble-Alpes. Sp\u00e9cialiste de droit des \u00e9lections politiques, auteur d&rsquo;un manuel de r\u00e9f\u00e9rence (<em>Droit des \u00e9lections et des r\u00e9f\u00e9rendums politiques<\/em>, LGDJ, Domat, 2019) et de plusieurs dizaines d&rsquo;articles en la mati\u00e8re, il a fond\u00e9 le blog du droit \u00e9lectoral en 2012 et dirige la chronique de droit \u00e9lectoral dans les revues <em>AJDA<\/em> (Actualit\u00e9 juridique du droit administratif) et <em>RFDC<\/em> (Revue fran\u00e7aise du droit constitutionnel). Auteur d&rsquo;articles sur la rationalit\u00e9 du contentieux \u00e9lectoral et notamment d&rsquo;un article portant sur les \u00ab\u00a0lois de l&rsquo;\u00e9cart de voix\u00a0\u00bb, il a eu l&rsquo;id\u00e9e des hypoth\u00e8ses du projet JADE. Il est le porteur du projet et s&rsquo;occupe \u00e0 ce titre de la direction g\u00e9n\u00e9rale de celui-ci, en plus d&rsquo;une approche transversale des probl\u00e8mes. Il est membre du Centre de recherche juridique (CRJ). <a href=\"https:\/\/blogdudroitelectoral.fr\/cv-romain-rambaud\/\">Son CV complet est disponible sur le blog du droit \u00e9lectoral.<\/a><\/p>\n\n\n\n<p><\/p>\n\n\n\n<h1 class=\"wp-block-heading\">P\u00f4le de pilotage g\u00e9n\u00e9ral (UGA)<\/h1>\n\n\n\n<div class=\"wp-block-image is-style-rounded\"><figure class=\"alignleft size-large is-resized\"><img loading=\"lazy\" decoding=\"async\" src=\"https:\/\/blogdudroitelectoral.fr\/wp-content\/uploads\/2022\/09\/image_2-766x1024.jpg\" alt=\"\" class=\"wp-image-17271\" width=\"227\" height=\"303\"\/><figcaption>Alya Hafsaoui<\/figcaption><\/figure><\/div>\n\n\n\n<p><strong>Alya Hafsaoui, juriste, allocataire de recherche doctorale<\/strong> <strong>(CRJ)<\/strong><\/p>\n\n\n\n<p>Alya Hafsaoui, titulaire d&rsquo;un&nbsp;<a href=\"https:\/\/formations.univ-grenoble-alpes.fr\/fr\/catalogue-2021\/master-XB\/master-droit-des-collectivites-territoriales-IDIUV68O.html\">Master Droit des collectivit\u00e9s territoriales \u2013 Direction et conseil de l\u2019action publique de l\u2019Universit\u00e9 Grenoble-Alpes<\/a>, a \u00e9t\u00e9 stagiaire en L3 aupr\u00e8s de&nbsp;<a href=\"https:\/\/www.linkedin.com\/company\/institut-d'%E2%80%8B-tudes-politiques-de-grenoble\/\">Sciences Po Grenoble<\/a>&nbsp;dans le cadre d\u2019un stage de recherche sur la d\u00e9mocratie participative avec&nbsp;<a href=\"https:\/\/www.linkedin.com\/in\/ACoAABV8FMMBk_Gxtpcn-_wWUwaU00k7Bzpi1ck\">Camille Morio<\/a>&nbsp;et Raul Magni-Berton. En M1, elle a effectu\u00e9 un stage \u00e0 Grenoble-Alpes M\u00e9tropole et en M2,un stage de plusieurs mois au sein du tribunal administratif de Grenoble. Elle est depuis octobre 2022 la b\u00e9n\u00e9ficiaire de l&rsquo;allocation de recherche doctorale associ\u00e9e au projet JADE, sa th\u00e8se portant sur \u00ab\u00a0Les m\u00e9thodologies de la justice algorithmique &#8211; l&rsquo;exemple du contentieux \u00e9lectoral\u00a0\u00bb. A ce titre, elle a vocation \u00e0 s&rsquo;int\u00e9resser \u00e0 tous les aspects (juridiques, statistiques, informatiques) du projet et occupe une position transversale. Elle est membre du Centre de recherche juridique (CRJ).<\/p>\n\n\n\n<div class=\"wp-block-image is-style-rounded\"><figure class=\"alignright size-large is-resized\"><img loading=\"lazy\" decoding=\"async\" src=\"https:\/\/blogdudroitelectoral.fr\/wp-content\/uploads\/2023\/06\/Laurence-Dumoulin.png\" alt=\"\" class=\"wp-image-18577\" width=\"270\" height=\"305\"\/><figcaption>Laurence Dumoulin<\/figcaption><\/figure><\/div>\n\n\n\n<p><strong>Laurence Dumoulin, politiste (PACTE)<\/strong><\/p>\n\n\n\n<p>Laurence Dumoulin est politiste, directrice de recherches CNRS au laboratoire Pacte (Sciences&nbsp;Po&nbsp;Grenoble-UGA,&nbsp;CNRS, UGA). Elle d\u00e9veloppe des recherches au carrefour de la sociologie du droit et de la justice et de l\u2019analyse de l\u2019action publique. Elle s\u2019int\u00e9resse en particulier \u00e0 la gen\u00e8se, l\u2019institutionnalisation et les usages des savoirs et dispositifs sociotechniques dans les politiques de justice et de s\u00e9curit\u00e9. Apr\u00e8s avoir travaill\u00e9 sur l\u2019analyse de la vid\u00e9osurveillance, du bracelet \u00e9lectronique et&nbsp;<a rel=\"noreferrer noopener\" href=\"https:\/\/www.lgdj.fr\/les-audiences-a-distance-9782275036632.html\" target=\"_blank\">des audiences par visioconf\u00e9rence<\/a>, elle explore actuellement la gen\u00e8se et les usages des dispositifs algorithmiques de traitement des d\u00e9cisions de jurisprudence, notamment dans le cadre de la&nbsp;<a rel=\"noreferrer noopener\" href=\"https:\/\/algorithmicsociety.github.io\/\" target=\"_blank\">Chaire \u00ab&nbsp;Soci\u00e9t\u00e9s algorithmiques \u00bb&nbsp;<\/a>de l\u2019Institut d\u2019intelligence artificielle de Grenoble (MIAI). Elle vient de soutenir une habilitation \u00e0 diriger des recherches intitul\u00e9e :&nbsp;<em>De quoi la \u2018justice pr\u00e9dictive\u2019 est-elle le nom ? Algorithmes, d\u00e9cision et jugement.&nbsp;<\/em><\/p>\n\n\n\n<h1 class=\"wp-block-heading\">P\u00f4le Bases de Donn\u00e9es et Analyse de donn\u00e9es (UGA, informatique et droit)<\/h1>\n\n\n\n<div class=\"wp-block-image is-style-rounded\"><figure class=\"alignleft size-large is-resized\"><img loading=\"lazy\" decoding=\"async\" src=\"https:\/\/blogdudroitelectoral.fr\/wp-content\/uploads\/2023\/06\/caroline_bligny_2-669x1024.jpg\" alt=\"\" class=\"wp-image-18606\" width=\"237\" height=\"363\"\/><figcaption>Caroline Bligny<\/figcaption><\/figure><\/div>\n\n\n\n<p><strong>Caroline Bligny, informaticienne, cheffe de projet\/ experte en ing\u00e9nierie logicielle (LJK)<\/strong><\/p>\n\n\n\n<p><br>Ing\u00e9nieure de recherche CNRS au LJK, laboratoire de math\u00e9matiques appliqu\u00e9es de Grenoble, Caroline Bligny fait partie de l&rsquo;\u00e9quipe SCALDE, le service calcul scientifique et d\u00e9veloppement du LJK. Dans ce cadre, elle intervient r\u00e9guli\u00e8rement sur des projets multidisciplinaires, &nbsp;comme le projet maths et sports entre l&rsquo;UGA et club de rugby de Grenoble, et \u00e9galement sur des projets inter-labo atour des outils de gestion des laboratoires. Experte dans le domaine des bases de donn\u00e9es, elle participe aux enseignement de l&rsquo;IUT2 de Grenoble en Sciences des Donn\u00e9es.&nbsp;Dans le cadre du projet JADE, elle encadre les d\u00e9veloppements informatiques de la base de donn\u00e9es et des outils associ\u00e9s \u00e0 la base, et supervise \u00e0 ce titre les stagiaires informatiques de l&rsquo;\u00e9quipe.<\/p>\n\n\n\n<div class=\"wp-block-image is-style-rounded\"><figure class=\"alignright size-large is-resized\"><img loading=\"lazy\" decoding=\"async\" src=\"https:\/\/blogdudroitelectoral.fr\/wp-content\/uploads\/2023\/07\/GraphiqueColle-2-890x1024.png\" alt=\"\" class=\"wp-image-18666\" width=\"271\" height=\"311\"\/><figcaption><br>Gilles Bisson<\/figcaption><\/figure><\/div>\n\n\n\n<p><strong>Gilles Bisson, informaticien, sp\u00e9cialiste d&rsquo;analyse de donn\u00e9es, Treensight (LIG)<\/strong><br><br>Gilles Bisson est charg\u00e9 de recherche CNRS au Laboratoire d\u2019Informatique de Grenoble, dans l&rsquo;\u00e9quipe Aptikal. Ses activit\u00e9s de recherche sont centr\u00e9es sur la th\u00e9matique de la collaboration humain-machine en apprentissage (Machine Learning), se rattachant ainsi \u00e0 des probl\u00e9matiques de type \u00ab Human aware learning \u00bb et \u00ab Human in the loop \u00bb. Dans ces approches, le comportement de l\u2019utilisateur\u00b7trice est mod\u00e9lis\u00e9, explicitement ou implicitement, afin d\u2019am\u00e9liorer l\u2019ad\u00e9quation entre ses attentes et les r\u00e9sultats obtenus par les processus d\u2019apprentissage exploratoires ou d\u00e9cisionnels. L&rsquo;accent est sp\u00e9cialement mis sur r\u00e9alisation d\u2019interfaces graphiques interactives, visant \u00e0 augmenter l\u2019interpr\u00e9tabilit\u00e9 des r\u00e9sultats et l\u2019explicabilit\u00e9 des mod\u00e8les appris. Au cours des derni\u00e8res ann\u00e9es, il a particip\u00e9 \u00e0 diff\u00e9rents projets notamment comme responsable scientifique du PIA IKATS (Innovative Toolkit for Analyzing Time Series) visant \u00e0 la cr\u00e9ation d\u2019une plateforme pour l\u2019exploration et de l\u2019analyse des S\u00e9ries Temporelles et comme co-responsable scientifique du projet PROSPECTOM &nbsp;portant sur l&rsquo;\u00e9tude visuelle et interactive des prot\u00e9omes par apprentissage statistique et int\u00e9gration des bases de donn\u00e9es et de connaissances spectrom\u00e9triques et \u00ab\u00a0omiques\u00a0\u00bb ). Depuis 2019 il est responsable scientifique du projet TREENSIGHT dont le but est la conception d\u2019un logiciel g\u00e9n\u00e9rique pour visualiser et explorer interactivement des arbres de donn\u00e9es et de connaissances \u00e0 l&rsquo;usage d&rsquo;utilisateurs non sp\u00e9cialistes en analyse des donn\u00e9es et non informaticiens. Au sein du projet JADE, il apporte son expertise en apprentissage &nbsp;et participe au d\u00e9veloppement des aspects graphiques et explicatifs du projet.<\/p>\n\n\n\n<div class=\"wp-block-image is-style-rounded\"><figure class=\"alignleft size-large is-resized\"><img loading=\"lazy\" decoding=\"async\" src=\"https:\/\/blogdudroitelectoral.fr\/wp-content\/uploads\/2023\/07\/Annette-683x1024.jpg\" alt=\"\" class=\"wp-image-18663\" width=\"243\" height=\"364\"\/><figcaption>Annette Casagrande<\/figcaption><\/figure><\/div>\n\n\n\n<p><strong>Annette Casagrande, informaticienne et statisticienne, analyse de donn\u00e9es (LIG<\/strong>)<\/p>\n\n\n\n<p>Dipl\u00f4m\u00e9e d\u2019un master en Ing\u00e9nierie des Donn\u00e9es En Sciences Sociales et Economie (IDESSE), Annette&nbsp;Casagrande&nbsp;a int\u00e9gr\u00e9 le CNRS en tant qu\u2019ing\u00e9nieur statisticien en poste au Centre d\u2019Etudes et de Recherches Appliqu\u00e9es \u00e0 la Gestion (CERAG) en 2007. Elle a \u00e9galement soutenu une th\u00e8se en math\u00e9matiques-informatique en 2012 sur la proposition d\u2019une mesure \u00e9valuant la proximit\u00e9 entre textes. Elle a pass\u00e9 une ann\u00e9e au laboratoire de Recherche Appliqu\u00e9es en Linguistique Informatique (RALI) de l\u2019universit\u00e9 de Montr\u00e9al en tant que stagiaire postdoctorale (TALN). En 2017, elle rejoint le laboratoire Pacte en tant qu&rsquo;ing\u00e9nieur statisticien. Elle est \u00e9galement intervenue dans le cadre du \u00ab\u00a0Data Institute\u00a0\u00bb de l&rsquo;UGA\u00a0\u00bb. En 2021, elle int\u00e8gre le laboratoire d&rsquo;informatique de Grenoble (LIG). Elle participe au projet Treensight qui vise \u00e0 d\u00e9velopper un logiciel interactif d&rsquo;analyse de donn\u00e9es qui s&rsquo;inscrit dans la mouvance de l&rsquo;IA explicable (eXplainable AI &#8211; XAI) , de l&rsquo;apprentissage (Machine Learning) et de la science des donn\u00e9es (Data Sciences). Elle apporte son expertise en analyse de donn\u00e9es et participe au d\u00e9veloppement du logiciel au projet JADE (outils d&rsquo;analyse de donn\u00e9es).<\/p>\n\n\n\n<h1 class=\"wp-block-heading\">P\u00f4le Traitement automatique du langage (UGA, informatique)<\/h1>\n\n\n\n<div class=\"wp-block-image is-style-rounded\"><figure class=\"alignleft size-large is-resized\"><img loading=\"lazy\" decoding=\"async\" src=\"https:\/\/blogdudroitelectoral.fr\/wp-content\/uploads\/2023\/06\/Didier.jpeg\" alt=\"\" class=\"wp-image-18529\" width=\"178\" height=\"267\"\/><figcaption>Didier Schwab<\/figcaption><\/figure><\/div>\n\n\n\n<p><strong>Didier Schwab, sp\u00e9cialiste de traitement automatique du langage<\/strong> <strong>(LIG)<\/strong><\/p>\n\n\n\n<p>Didier Schwab est professeur en informatique \u00e0 l\u2019Universit\u00e9 Grenoble Alpes, au Laboratoire d\u2019Informatique de Grenoble, dans le Groupe d\u2019\u00c9tude en Traduction Automatique et en Traitement Automatique des Langues et de la Parole. Depuis une vingtaine d\u2019ann\u00e9es, il est fortement impliqu\u00e9 dans la cr\u00e9ation de ce qu\u2019on appelle&nbsp;aujourd\u2019hui&nbsp;des grands mod\u00e8les de langue. Il a suivi la trajectoire de ce qui allait devenir de l\u2019apprentissage autosupervis\u00e9 en cr\u00e9ant des mod\u00e8les sur le fran\u00e7ais, l\u2019anglais ou des langues moins dot\u00e9es comme le malais ou l\u2019arabe pour l\u2019\u00e9crit comme pour l\u2019oral. &nbsp;Il a dirig\u00e9 &nbsp;en particulier la cr\u00e9ation des premiers mod\u00e8les autosupervis\u00e9s pour le fran\u00e7ais qui permettent une repr\u00e9sentation affin\u00e9e des \u00e9nonc\u00e9s (FlauBERT pour le fran\u00e7ais \u00e9crit et LeBenchmark pour le fran\u00e7ais oral). Il continue \u00e0 coordonner actuellement FlauBERT, un projet impliquant un consortium d\u2019une trentaine de chercheurs et chercheuses de plusieurs laboratoire francophone pour cr\u00e9er et \u00e9valuer de grand mod\u00e8les de langue sur l\u2019\u00e9crit en domaine g\u00e9n\u00e9ral ou domaine sp\u00e9cialis\u00e9 (biom\u00e9dical ou juridique). Didier Schwab s&rsquo;est int\u00e9ress\u00e9 \u00e0 la traduction automatique, au r\u00e9sum\u00e9 automatique, \u00e0 l&rsquo;analyse s\u00e9mantique du discours, ainsi qu&rsquo;\u00e0 l&rsquo;am\u00e9lioration de la communication pour les personnes qui ont difficult\u00e9s \u00e0 s&rsquo;exprimer, telles que les personnes allophones ou en situation de handicap. Au titre de JADE, il donne des conseils en mati\u00e8re de traitement automatique du langage, permettant des approchements entre leurs mod\u00e8les entra\u00een\u00e9s sur le juridique et le projet JADE.<\/p>\n\n\n\n<div class=\"wp-block-image is-style-rounded\"><figure class=\"alignright size-large\"><img decoding=\"async\" src=\"https:\/\/blogdudroitelectoral.fr\/wp-content\/uploads\/2023\/06\/telechargement.png\" alt=\"\" class=\"wp-image-18631\"\/><\/figure><\/div>\n\n\n\n<p><strong>Maximin Coavoux, Charg\u00e9 de Recherche CNRS (LIG<\/strong>)<\/p>\n\n\n\n<p class=\"has-text-align-left\"><a rel=\"noreferrer noopener\" target=\"_blank\" href=\"https:\/\/mcoavoux.github.io\/\">https:\/\/mcoavoux.github.io\/<\/a><br><\/p>\n\n\n\n<p class=\"has-text-align-left\">Maximin Coavoux est charg\u00e9 de recherche au CNRS et travaille au Laboratoire d\u2019Informatique de Grenoble (LIG) depuis 2019. Ses activit\u00e9s de recherche concernent le traitement automatique des langues naturelles et de la parole. Il d\u00e9veloppe des algorithmes pour l&rsquo;analyse syntaxique et s\u00e9mantique automatique, en particulier dans le cadre de l&rsquo;analyse de la parole spontan\u00e9e. Par ailleurs, il travaille sur l&rsquo;entra\u00eenement et l&rsquo;\u00e9valuation des mod\u00e8les de langues autosupervis\u00e9s (projet Flaubert).<\/p>\n\n\n\n<p><\/p>\n\n\n\n<h1 class=\"wp-block-heading\">P\u00f4le statistiques<\/h1>\n\n\n\n<div class=\"wp-block-image\"><figure class=\"alignleft size-large\"><img decoding=\"async\" src=\"https:\/\/blogdudroitelectoral.fr\/wp-content\/uploads\/2023\/06\/telechargement.png\" alt=\"\" class=\"wp-image-18631\"\/><\/figure><\/div>\n\n\n\n<p><strong>Fr\u00e9d\u00e9rique Letu\u00e9<\/strong><\/p>\n\n\n\n<p>Fr\u00e9d\u00e9rique Letu\u00e9 est maitresse de conf\u00e9rences en statistique \u00e0 l\u2019IUT2 de Grenoble (d\u00e9partement Sciences des Donn\u00e9es) et au Laboratoire Jean Kuntmann (LJK, UMR 5534). Apr\u00e8s avoir initi\u00e9 ses recherches en statistique math\u00e9matique, elle a men\u00e9 des recherches plus appliqu\u00e9es, en biologie et m\u00e9decine, biom\u00e9canique, mais aussi dans diverses disciplines de sciences humaines et sociales : d\u00e9mographie, sciences du langage (projet Phone&amp;stats), \u00e9valuation en langues (projet IRS COPOLangues), sciences de l\u2019\u00e9ducation (\u00e9quipe-action MANIP du Labex Persyval, ANR TALISMAN), civilisation britannique (projet IRGA E-petitions). Dans le projet JADE, elle apporte son expertise en traitement statistique des donn\u00e9es et mod\u00e9lisation statistique.<\/p>\n\n\n\n<div class=\"wp-block-image\"><figure class=\"alignright size-large\"><img decoding=\"async\" src=\"https:\/\/blogdudroitelectoral.fr\/wp-content\/uploads\/2023\/06\/telechargement.png\" alt=\"\" class=\"wp-image-18631\"\/><\/figure><\/div>\n\n\n\n<p><strong>Marie-Jos\u00e9 Martinez<\/strong><\/p>\n\n\n\n<p>Marie-Jos\u00e9 Martinez est ma\u00eetre de conf\u00e9rences en Statistique \u00e0 l\u2019IUT2 de Grenoble et au Laboratoire Jean Kuntzmann. Ses travaux de recherche portent principalement sur les mod\u00e8les \u00e0 effets mixtes et sur les mod\u00e8les de m\u00e9lange appliqu\u00e9s \u00e0 diff\u00e9rents domaines tels que les sciences du langage (projet Phone &amp; Stat), l\u2019\u00e9valuation en langues &nbsp;(projet IRS COPOLangues) ou encore les sciences de l\u2019\u00e9ducation (\u00e9quipe-action MANIP du Labex Persyval et ANR TALISMAN). Depuis quelques ann\u00e9es, elle s\u2019int\u00e9resse \u00e9galement \u00e0 l\u2019\u00e9tude de donn\u00e9es de grandes dimensions dans le domaine de la g\u00e9n\u00e9tique, et plus particuli\u00e8rement aux m\u00e9thodes de r\u00e9duction de dimension (projet CODIM). Dans le cadre du projet JADE, elle apporte son expertise en mod\u00e9lisation statistique et traitement statistique des donn\u00e9es.<\/p>\n\n\n\n<h1 class=\"wp-block-heading\">Personnalit\u00e9s expertes hors UGA associ\u00e9es au projet JADE<\/h1>\n\n\n\n<div class=\"wp-block-image is-style-rounded\"><figure class=\"alignleft size-large is-resized\"><img loading=\"lazy\" decoding=\"async\" src=\"https:\/\/blogdudroitelectoral.fr\/wp-content\/uploads\/2023\/06\/identite-stephane-Cottin-2021.jpg\" alt=\"\" class=\"wp-image-18503\" width=\"177\" height=\"221\"\/><figcaption>St\u00e9phane Cottin<\/figcaption><\/figure><\/div>\n\n\n\n<p><strong>St\u00e9phane Cottin<\/strong>,<strong> expert juriste, informatique, et documentation juridique<\/strong><br><br>St\u00e9phane Cottin est documentaliste juridique de formation. Depuis septembre 2019, il est chef du Service de la Documentation et de l&rsquo;Aide \u00e0 l&rsquo;Instruction (SDAI) du Conseil constitutionnel (Paris), apr\u00e8s avoir charg\u00e9 de mission du Secr\u00e9taire g\u00e9n\u00e9ral du Gouvernement fran\u00e7ais de juillet 2008 \u00e0 septembre 2019 en tant que \u00ab\u00a0Charg\u00e9 de mission D\u00e9veloppement des syst\u00e8mes d&rsquo;information et valorisation des ressources documentaires\u00a0\u00bb, et avant de 1993 \u00e0 juillet 2008, entre autres au sein du&nbsp;<a rel=\"noreferrer noopener\" href=\"https:\/\/fr.wikipedia.org\/wiki\/Conseil_constitutionnel\" target=\"_blank\">Conseil constitutionnel fran\u00e7ais<\/a>, en charge de la  gestion le contentieux et, en partie, de l&rsquo;organisation des \u00e9lections et votations&nbsp;<em>nationales<\/em>&nbsp;(l\u00e9gislatives, s\u00e9natoriales, pr\u00e9sidentielles et r\u00e9f\u00e9rendums nationaux). Enseignant \u00e0 Paris I, il assure la mise \u00e0 jour, avec Guy Prunier, de plusieurs notices de l&rsquo;encyclop\u00e9die Dalloz Collectivit\u00e9s Locales (ces notices ont \u00e9t\u00e9 publi\u00e9es par ailleurs dans un ouvrage au sein de la collection Dalloz Corpus en octobre 2019 :&nbsp;<a rel=\"noreferrer noopener\" href=\"https:\/\/www.librairiedalloz.fr\/livre\/9782247193608-campagne-electorale-et-elections-locales-guy-prunier-stephane-cottin\/\" target=\"_blank\">Campagne \u00e9lectorale et \u00e9lections locales<\/a>). Editeur jusqu&rsquo;en 2008, d&rsquo;un blog sur le th\u00e8me de la diffusion libre du droit :&nbsp;<a rel=\"noreferrer noopener\" href=\"http:\/\/www.servicedoc.info\/\" target=\"_blank\">ServiceDoc.Info<\/a>, et depuis 2008, \u00e0 d\u00e9faut de bloguer, il&nbsp;<a rel=\"noreferrer noopener\" href=\"https:\/\/twitter.com\/#%21\/cottinstef\" target=\"_blank\">twitte sur @cottinstef<\/a>, g\u00e8re une bibliographie collaborative sur le sujet sur&nbsp;<a rel=\"noreferrer noopener\" href=\"https:\/\/www.zotero.org\/groups\/recherche_doc_juridique_france\/items\" target=\"_blank\">zotero<\/a>&nbsp;et, depuis 2013, quelques espaces de curation sous&nbsp;<a rel=\"noreferrer noopener\" href=\"http:\/\/www.scoop.it\/u\/stephane-cottin\" target=\"_blank\">scoop-it<\/a>. Il faut \u00e9diteur Open Directory de 1998 \u00e0 2015, o\u00f9 il traitait notamment de la rubrique&nbsp;<em>Droit fran\u00e7ais<\/em>. Dans le cadre du projet JADE, il assure une fonction de soutien tant dans les domaines du droit \u00e9lectoral que de l&rsquo;informatique juridique, notamment dans le domaine de la documentation.<\/p>\n\n\n\n<div class=\"wp-block-image is-style-rounded\"><figure class=\"alignright size-large is-resized\"><img loading=\"lazy\" decoding=\"async\" src=\"https:\/\/blogdudroitelectoral.fr\/wp-content\/uploads\/2023\/06\/photo-didentite-JPC.jpg\" alt=\"\" class=\"wp-image-18579\" width=\"241\" height=\"321\"\/><figcaption>Jean-Pierre Camby<\/figcaption><\/figure><\/div>\n\n\n\n<p><strong>Jean-Pierre Camby, expert juriste<\/strong><\/p>\n\n\n\n<p>Jean-Pierre Camby, docteur en droit public de l&rsquo;Universit\u00e9 Paris 1, est aujourd&rsquo;hui Professeur Professeur associ\u00e9 \u00e0 l\u2019Universit\u00e9 de Versailles Saint Quentin. Il a \u00e9t\u00e9 administrateur des services de l\u2019Assembl\u00e9e nationale (Concours 1981), conseiller depuis 1994, directeur adjoint depuis 2005, et est en position hors cadre depuis le 1\/1\/2019. Il fut chef du service juridique du Conseil constitutionnel en 1992-1995, administrateur \u00e0 la commission des affaires sociales en 1995-1999, chef du secr\u00e9tariat de la commission des finances en 1999-2007. Auteur de tr\u00e8s nombreux ouvrages et articles en droit parlementaire et droit \u00e9lectoral, dont le fameux<em> Le Conseil constitutionnel, juge \u00e9lectoral<\/em> (Dalloz), il apporte sa tr\u00e8s grande expertise juridique dans le domaine du contentieux \u00e9lectoral au projet JADE.<\/p>\n\n\n\n<p><strong>Guy Prunier, expert juriste<\/strong><\/p>\n\n\n\n<div class=\"wp-block-image\"><figure class=\"alignleft size-large is-resized\"><img loading=\"lazy\" decoding=\"async\" src=\"https:\/\/blogdudroitelectoral.fr\/wp-content\/uploads\/2024\/07\/20240712_124345-768x1024.jpg\" alt=\"\" class=\"wp-image-19785\" width=\"167\" height=\"223\"\/><\/figure><\/div>\n\n\n\n<p>Guy Prunier, maintenant retrait\u00e9, est un ancien fonctionnaire du minist\u00e8re de l\u2019int\u00e9rieur affect\u00e9 au bureau des \u00e9lections et charg\u00e9 notamment de la l\u00e9gislation \u00e9lectorale pendant 30 ans. Dans cet intervalle, il a \u00e9t\u00e9 recrut\u00e9 \u00e0 plusieurs reprises commme charg\u00e9 de mission \u00e9lections au Conseil constitutionnel, notamment \u00e0 l\u2019occasion de chaque \u00e9lection pr\u00e9sidentielle entre 2002 et 2022.<\/p>\n","protected":false},"excerpt":{"rendered":"<p>Vous trouverez ci-dessous la pr\u00e9sentation des membres du projet JADE. La page est en cours de construction. Direction du projet JADE (UGA) Romain Rambaud, porteur du projet JADE (CRJ) Romain Rambaud est professeur de droit public \u00e0 l&rsquo;Universit\u00e9 Grenoble-Alpes. Sp\u00e9cialiste de droit des \u00e9lections politiques, auteur d&rsquo;un manuel de r\u00e9f\u00e9rence (Droit des \u00e9lections et des &hellip; <a href=\"https:\/\/blogdudroitelectoral.fr\/?page_id=17459\" class=\"more-link\">Continuer la lecture<span class=\"screen-reader-text\"> de &laquo;&nbsp;Le projet JADE : l&rsquo;\u00e9quipe&nbsp;&raquo;<\/span><\/a><\/p>\n","protected":false},"author":1,"featured_media":0,"parent":0,"menu_order":0,"comment_status":"closed","ping_status":"closed","template":"","meta":{"footnotes":""},"class_list":["post-17459","page","type-page","status-publish","hentry"],"_links":{"self":[{"href":"https:\/\/blogdudroitelectoral.fr\/index.php?rest_route=\/wp\/v2\/pages\/17459","targetHints":{"allow":["GET"]}}],"collection":[{"href":"https:\/\/blogdudroitelectoral.fr\/index.php?rest_route=\/wp\/v2\/pages"}],"about":[{"href":"https:\/\/blogdudroitelectoral.fr\/index.php?rest_route=\/wp\/v2\/types\/page"}],"author":[{"embeddable":true,"href":"https:\/\/blogdudroitelectoral.fr\/index.php?rest_route=\/wp\/v2\/users\/1"}],"replies":[{"embeddable":true,"href":"https:\/\/blogdudroitelectoral.fr\/index.php?rest_route=%2Fwp%2Fv2%2Fcomments&post=17459"}],"version-history":[{"count":0,"href":"https:\/\/blogdudroitelectoral.fr\/index.php?rest_route=\/wp\/v2\/pages\/17459\/revisions"}],"wp:attachment":[{"href":"https:\/\/blogdudroitelectoral.fr\/index.php?rest_route=%2Fwp%2Fv2%2Fmedia&parent=17459"}],"curies":[{"name":"wp","href":"https:\/\/api.w.org\/{rel}","templated":true}]}}