{"id":1415,"date":"2015-08-21T15:00:59","date_gmt":"2015-08-21T13:00:59","guid":{"rendered":"http:\/\/droitelectoral.blog.lemonde.fr\/?page_id=1415"},"modified":"2015-08-21T15:00:59","modified_gmt":"2015-08-21T13:00:59","slug":"cv-romain-rambaud-formation","status":"publish","type":"page","link":"https:\/\/blogdudroitelectoral.fr\/?page_id=1415","title":{"rendered":"CV Romain Rambaud &#8211; Activit\u00e9s pratiques (lib\u00e9rales, politiques, associatives)"},"content":{"rendered":"<p><span style=\"text-decoration: underline;\"><strong>Activit\u00e9s professionnelles pratiques<\/strong><\/span><\/p>\n<p><strong>Depuis 2023<\/strong><\/p>\n<p>R\u00e9f\u00e9rent d\u00e9ontologue \u00e9lus locaux de collectivit\u00e9s territoriales<\/p>\n<p><strong>De 2017 \u00e0 2023<\/strong><\/p>\n<p><strong>Consultant, formateur ou b\u00e9n\u00e9vole en droit \u00e9lectoral :<\/strong><\/p>\n<ul>\n<li><em>Consultant <\/em>aupr\u00e8s de cabinets d\u2019avocats (Paris, Grenoble)<\/li>\n<li><em>Formateur <\/em>aupr\u00e8s de divers clients : partis politiques (La R\u00e9publique en Marche), instituts de formation d\u2019\u00e9lus (Tous Politiques !, instituts de formation d&rsquo;\u00e9lus locaux), barreau de Grenoble, etc.<\/li>\n<li><em>B\u00e9n\u00e9vole<\/em> aupr\u00e8s de certains partis politiques<\/li>\n<\/ul>\n<p>Exp\u00e9riences :<\/p>\n<ul>\n<li>Charg\u00e9 de mission b\u00e9n\u00e9vole pour la R\u00e9publique en Marche, Election pr\u00e9sidentielle 2022 (novembre 2021-avril 2022)<\/li>\n<li>Conseil aupr\u00e8s de l&rsquo;\u00e9quipe de campagne de Bruno Bonnell, candidat LREM aux \u00e9lections r\u00e9gionales sur l&rsquo;Auvergne Rh\u00f4ne-Alpes (\u00e9lections r\u00e9gionales 2021)<\/li>\n<li>Membre de l\u2019\u00e9quipe de campagne d\u2019Emilie Chalas, d\u00e9put\u00e9e de la 3<sup>\u00e8me<\/sup> circonscription de l\u2019Is\u00e8re et candidate LREM \u00e0 la mairie de Grenoble (\u00e9lections municipales 2020)<\/li>\n<li>Conseil aupr\u00e8s de l\u2019\u00e9quipe juridique de LREM (\u00e9lections europ\u00e9ennes 2019)<\/li>\n<li>Membre de l\u2019\u00e9quipe de campagne d\u2019Olivier V\u00e9ran, d\u00e9put\u00e9 de la 1<sup>\u00e8re<\/sup> circonscription de l\u2019Is\u00e8re (\u00e9lections l\u00e9gislatives 2017)<\/li>\n<\/ul>\n<p><span style=\"text-decoration: underline;\"><strong>Activit\u00e9s associatives<\/strong><\/span><\/p>\n<p><strong>\u00a0<\/strong>Depuis 2018\u00a0 \u00a0 \u00a0 \u00a0:<\/p>\n<p><strong>Fondateur et vice-pr\u00e9sident \u00ab\u00a0enseignant\u00a0\u00bb de l\u2019Association Dauphinoise du Droit public (ADDP)<\/strong><\/p>\n<p>Association \u00ab \u0153cum\u00e9nique \u00bb de mise en r\u00e9seau entre professionnels, \u00e9tudiants et enseignants-chercheurs autour du droit public en Is\u00e8re, Dr\u00f4me, Ard\u00e8che, Hautes-Alpes (<a href=\"https:\/\/addp-asso.fr\/\">voir le site internet de l&rsquo;ADDP<\/a>)<\/p>\n<p><img loading=\"lazy\" decoding=\"async\" class=\"size-full wp-image-5688 aligncenter\" src=\"https:\/\/blogdudroitelectoral.fr\/wp-content\/uploads\/2019\/09\/ADDP.png\" alt=\"\" width=\"225\" height=\"225\" \/><\/p>\n<p>Depuis 2018, <a href=\"http:\/\/www.observatoireethiquepublique.com\/\">Membre de l&rsquo;Observatoire de l&rsquo;\u00e9thique publique<\/a><\/p>\n","protected":false},"excerpt":{"rendered":"<p>Activit\u00e9s professionnelles pratiques Depuis 2023 R\u00e9f\u00e9rent d\u00e9ontologue \u00e9lus locaux de collectivit\u00e9s territoriales De 2017 \u00e0 2023 Consultant, formateur ou b\u00e9n\u00e9vole en droit \u00e9lectoral : Consultant aupr\u00e8s de cabinets d\u2019avocats (Paris, Grenoble) Formateur aupr\u00e8s de divers clients : partis politiques (La R\u00e9publique en Marche), instituts de formation d\u2019\u00e9lus (Tous Politiques !, instituts de formation d&rsquo;\u00e9lus locaux), &hellip; <a href=\"https:\/\/blogdudroitelectoral.fr\/?page_id=1415\" class=\"more-link\">Continuer la lecture<span class=\"screen-reader-text\"> de &laquo;&nbsp;CV Romain Rambaud &#8211; Activit\u00e9s pratiques (lib\u00e9rales, politiques, associatives)&nbsp;&raquo;<\/span><\/a><\/p>\n","protected":false},"author":1,"featured_media":0,"parent":0,"menu_order":0,"comment_status":"open","ping_status":"closed","template":"","meta":{"footnotes":""},"class_list":["post-1415","page","type-page","status-publish","hentry"],"_links":{"self":[{"href":"https:\/\/blogdudroitelectoral.fr\/index.php?rest_route=\/wp\/v2\/pages\/1415","targetHints":{"allow":["GET"]}}],"collection":[{"href":"https:\/\/blogdudroitelectoral.fr\/index.php?rest_route=\/wp\/v2\/pages"}],"about":[{"href":"https:\/\/blogdudroitelectoral.fr\/index.php?rest_route=\/wp\/v2\/types\/page"}],"author":[{"embeddable":true,"href":"https:\/\/blogdudroitelectoral.fr\/index.php?rest_route=\/wp\/v2\/users\/1"}],"replies":[{"embeddable":true,"href":"https:\/\/blogdudroitelectoral.fr\/index.php?rest_route=%2Fwp%2Fv2%2Fcomments&post=1415"}],"version-history":[{"count":0,"href":"https:\/\/blogdudroitelectoral.fr\/index.php?rest_route=\/wp\/v2\/pages\/1415\/revisions"}],"wp:attachment":[{"href":"https:\/\/blogdudroitelectoral.fr\/index.php?rest_route=%2Fwp%2Fv2%2Fmedia&parent=1415"}],"curies":[{"name":"wp","href":"https:\/\/api.w.org\/{rel}","templated":true}]}}